 4912 is divided by 234.
232
What is the remainder when 2150 is divided by 77?
71
Calculate the remainder when 106 is divided by 84.
22
What is the remainder when 53 is divided by 42?
11
What is the remainder when 863 is divided by 32?
31
What is the remainder when 205 is divided by 16?
13
What is the remainder when 1309 is divided by 69?
67
Calculate the remainder when 600 is divided by 192.
24
What is the remainder when 232 is divided by 74?
10
What is the remainder when 136 is divided by 78?
58
Calculate the remainder when 2666 is divided by 107.
98
Calculate the remainder when 3964 is divided by 16.
12
Calculate the remainder when 2655 is divided by 32.
31
Calculate the remainder when 1510 is divided by 63.
61
What is the remainder when 77 is divided by 4?
1
What is the remainder when 4552 is divided by 253?
251
Calculate the remainder when 448 is divided by 35.
28
Calculate the remainder when 904 is divided by 185.
164
Calculate the remainder when 27 is divided by 7.
6
Calculate the remainder when 393 is divided by 18.
15
Calculate the remainder when 4717 is divided by 16.
13
Calculate the remainder when 943 is divided by 105.
103
What is the remainder when 236 is divided by 80?
76
What is the remainder when 415 is divided by 290?
125
Calculate the remainder when 490 is divided by 89.
45
Calculate the remainder when 8 is divided by 4.
0
Calculate the remainder when 773 is divided by 92.
37
Calculate the remainder when 669 is divided by 56.
53
What is the remainder when 1646 is divided by 22?
18
What is the remainder when 1562 is divided by 781?
0
Calculate the remainder when 17 is divided by 4.
1
What is the remainder when 51 is divided by 18?
15
What is the remainder when 4206 is divided by 108?
102
What is the remainder when 100 is divided by 18?
10
What is the remainder when 509 is divided by 171?
167
What is the remainder when 283 is divided by 72?
67
What is the remainder when 42 is divided by 15?
12
Calculate the remainder when 503 is divided by 18.
17
What is the remainder when 2349 is divided by 125?
99
Calculate the remainder when 3359 is divided by 16.
15
Calculate the remainder when 1156 is divided by 18.
4
Calculate the remainder when 7526 is divided by 15.
11
Calculate the remainder when 4524 is divided by 73.
71
Calculate the remainder when 691 is divided by 66.
31
Calculate the remainder when 10199 is divided by 15.
14
What is the remainder when 2130 is divided by 65?
50
Calculate the remainder when 246 is divided by 19.
18
What is the remainder when 44 is divided by 9?
8
Calculate the remainder when 89 is divided by 41.
7
Calculate the remainder when 1912 is divided by 66.
64
What is the remainder when 12237 is divided by 255?
252
What is the remainder when 4712 is divided by 205?
202
What is the remainder when 181 is divided by 63?
55
What is the remainder when 83 is divided by 2?
1
Calculate the remainder when 2897 is divided by 21.
20
What is the remainder when 377 is divided by 177?
23
Calculate the remainder when 1707 is divided by 143.
134
Calculate the remainder when 572 is divided by 72.
68
Calculate the remainder when 1049 is divided by 82.
65
Calculate the remainder when 223 is divided by 37.
1
Calculate the remainder when 2335 is divided by 45.
40
Calculate the remainder when 14 is divided by 7.
0
What is the remainder when 3337 is divided by 10?
7
Calculate the remainder when 181 is divided by 31.
26
What is the remainder when 2563 is divided by 27?
25
What is the remainder when 51 is divided by 6?
3
What is the remainder when 23749 is divided by 250?
249
What is the remainder when 403 is divided by 14?
11
Calculate the remainder when 186 is divided by 45.
6
Calculate the remainder when 6719 is divided by 232.
223
What is the remainder when 613 is divided by 19?
5
Calculate the remainder when 887 is divided by 22.
7
What is the remainder when 49 is divided by 27?
22
Calculate the remainder when 258 is divided by 29.
26
Calculate the remainder when 1238 is divided by 198.
50
What is the remainder when 3977 is divided by 26?
25
What is the remainder when 337 is divided by 18?
13
Calculate the remainder when 145 is divided by 55.
35
Calculate the remainder when 643 is divided by 36.
31
Calculate the remainder when 159 is divided by 143.
16
What is the remainder when 106 is divided by 61?
45
What is the remainder when 1120 is divided by 266?
56
Calculate the remainder when 1039 is divided by 20.
19
Calculate the remainder when 1562 is divided by 111.
8
What is the remainder when 439 is divided by 223?
216
Calculate the remainder when 185 is divided by 51.
32
Calculate the remainder when 968 is divided by 956.
12
What is the remainder when 898 is divided by 89?
8
What is the remainder when 217 is divided by 44?
41
Calculate the remainder when 63 is divided by 47.
16
Calculate the remainder when 684 is divided by 14.
12
What is the remainder when 1165 is divided by 330?
175
What is the remainder when 1338 is divided by 462?
414
Calculate the remainder when 3896 is divided by 123.
83
Calculate the remainder when 3590 is divided by 512.
6
What is the remainder when 128 is divided by 27?
20
Calculate the remainder when 341 is divided by 79.
25
Calculate the remainder when 241 is divided by 66.
43
What is the remainder when 214 is divided by 111?
103
What is the remainder when 236 is divided by 25?
11
Calculate the remainder when 80 is divided by 49.
31
What is the remainder when 4264 is divided by 40?
24
Calculate the remainder when 137 is divided by 13.
7
What is the remainder when 518 is divided by 33?
23
What is the remainder when 150 is divided by 77?
73
Calculate the remainder when 528 is divided by 108.
96
Calculate the remainder when 110 is divided by 16.
14
Calculate the remainder when 297 is divided by 60.
57
What is the remainder when 461 is divided by 95?
81
Calculate the remainder when 580 is divided by 8.
4
Calculate the remainder when 484 is divided by 97.
96
What is the remainder when 575 is divided by 194?
187
Calculate the remainder when 44 is divided by 8.
4
Calculate the remainder when 102 is divided by 21.
18
What is the remainder when 736 is divided by 123?
121
What is the remainder when 2517 is divided by 14?
11
What is the remainder when 433 is divided by 8?
1
Calculate the remainder when 438 is divided by 10.
8
What is the remainder when 194 is divided by 101?
93
Calculate the remainder when 18 is divided by 5.
3
Calculate the remainder when 167 is divided by 29.
22
Calculate the remainder when 11995 is divided by 26.
9
Calculate the remainder when 1258 is divided by 14.
12
What is the remainder when 1709 is divided by 30?
29
What is the remainder when 442 is divided by 162?
118
Calculate the remainder when 476 is divided by 48.
44
What is the remainder when 2378 is divided by 17?
15
What is the remainder when 6389 is divided by 83?
81
Calculate the remainder when 90 is divided by 31.
28
What is the remainder when 1047 is divided by 175?
172
Calculate the remainder when 292 is divided by 84.
40
What is the remainder when 10619 is divided by 113?
110
What is the remainder when 717 is divided by 712?
5
What is the remainder when 979 is divided by 65?
4
Calculate the remainder when 233 is divided by 183.
50
Calculate the remainder when 855 is divided by 212.
7
Calculate the remainder when 2116 is divided by 1054.
8
What is the remainder when 316 is divided by 8?
4
What is the remainder when 105 is divided by 54?
51
Calculate the remainder when 310 is divided by 13.
11
Calculate the remainder when 752 is divided by 28.
24
Calculate the remainder when 15464 is divided by 209.
207
What is the remainder when 141 is divided by 14?
1
What is the remainder when 1416 is divided by 672?
72
What is the remainder when 41622 is divided by 172?
170
Calculate the remainder when 75 is divided by 2.
1
What is the remainder when 1372 is divided by 77?
63
What is the remainder when 481 is divided by 69?
67
Calculate the remainder when 97 is divided by 70.
27
Calculate the remainder when 444 is divided by 64.
60
What is the remainder when 306 is divided by 59?
11
Calculate the remainder when 7205 is divided by 136.
133
Calculate the remainder when 249 is divided by 23.
19
What is the remainder when 411 is divided